st common divisor of 3358 and 2774?
146
What is the highest common factor of 1110 and 26196?
222
Calculate the highest common divisor of 475493 and 1687.
241
Calculate the greatest common divisor of 308505 and 15.
15
What is the highest common divisor of 7464 and 292?
4
Calculate the greatest common factor of 30325 and 175.
25
Calculate the highest common factor of 15148 and 868.
28
Calculate the greatest common factor of 307 and 52.
1
What is the greatest common factor of 8400 and 6510?
210
What is the greatest common divisor of 774 and 9504?
18
What is the highest common factor of 2542 and 598641?
1271
What is the highest common factor of 459 and 5343984?
153
Calculate the greatest common divisor of 36 and 34350.
6
What is the greatest common divisor of 9 and 1718019?
9
Calculate the highest common divisor of 32697 and 121100.
1211
What is the highest common divisor of 27472 and 10064?
272
Calculate the highest common divisor of 85521 and 348.
87
What is the highest common factor of 523 and 354594?
523
What is the highest common divisor of 45084 and 21684?
156
What is the highest common divisor of 27 and 77919?
3
What is the highest common factor of 301 and 15566?
43
Calculate the highest common factor of 66102 and 828.
138
Calculate the highest common divisor of 672 and 60284.
28
What is the greatest common factor of 4 and 306116?
4
What is the highest common factor of 11753 and 322?
161
What is the greatest common divisor of 3495 and 355?
5
Calculate the highest common divisor of 27 and 200313.
27
Calculate the highest common factor of 9720776 and 208.
104
What is the highest common divisor of 78600 and 540?
60
What is the highest common factor of 2817720 and 405?
135
What is the highest common factor of 285 and 84465?
15
What is the highest common factor of 127840 and 2992?
272
Calculate the greatest common divisor of 624 and 196248.
312
Calculate the highest common factor of 258 and 36421.
43
Calculate the greatest common divisor of 6825 and 42600.
75
What is the highest common divisor of 37008 and 216?
72
What is the highest common factor of 163125 and 10000?
625
What is the greatest common factor of 574 and 11365487?
287
Calculate the greatest common factor of 1085967 and 1476.
369
What is the highest common factor of 126 and 5453?
7
Calculate the highest common divisor of 1317421 and 2814.
469
Calculate the highest common divisor of 19 and 297217.
19
Calculate the highest common divisor of 1456257 and 99.
33
What is the greatest common divisor of 29808 and 45360?
1296
What is the highest common factor of 158587 and 39?
13
What is the highest common factor of 3077 and 1003?
17
Calculate the highest common divisor of 836 and 8756.
44
Calculate the greatest common divisor of 176 and 174064.
176
What is the greatest common divisor of 327952 and 412?
412
What is the greatest common divisor of 23886 and 36?
18
What is the highest common divisor of 778 and 12994934?
778
Calculate the highest common divisor of 1571787 and 61.
61
Calculate the greatest common factor of 3024 and 70497.
189
Calculate the highest common divisor of 1043 and 50213.
149
What is the greatest common factor of 30152 and 96?
8
Calculate the highest common factor of 126 and 237629.
7
What is the greatest common factor of 114 and 49286?
38
Calculate the highest common divisor of 34901 and 6868.
17
What is the greatest common factor of 512 and 574208?
256
What is the highest common divisor of 203 and 2233?
203
What is the highest common divisor of 2174487 and 952?
119
Calculate the greatest common divisor of 100786 and 28.
14
Calculate the highest common factor of 1616 and 9328.
16
Calculate the greatest common divisor of 1302 and 2171085.
651
Calculate the greatest common divisor of 134660 and 20.
20
Calculate the highest common factor of 5810839 and 283.
283
Calculate the highest common factor of 211410 and 51330.
870
Calculate the greatest common factor of 468 and 498654.
234
What is the greatest common divisor of 3134142 and 72?
18
What is the greatest common factor of 46140 and 2440?
20
What is the greatest common factor of 75592 and 792?
88
Calculate the highest common divisor of 3589 and 370.
37
Calculate the greatest common divisor of 101875 and 652.
163
Calculate the highest common divisor of 2244 and 627.
33
What is the highest common factor of 3495 and 150?
15
Calculate the highest common divisor of 15782 and 270722.
1214
Calculate the greatest common divisor of 113770 and 465.
155
What is the highest common factor of 67 and 16281?
67
Calculate the greatest common divisor of 26 and 54015.
13
What is the highest common factor of 10062 and 129?
129
What is the highest common factor of 202 and 83729?
101
Calculate the highest common factor of 434952 and 2016.
504
Calculate the highest common divisor of 477 and 15423.
159
What is the highest common divisor of 8368826 and 46?
46
What is the greatest common factor of 138384 and 432?
144
What is the greatest common factor of 378 and 1838403?
189
Calculate the highest common divisor of 30316 and 1859.
143
What is the greatest common factor of 352 and 28520096?
352
What is the highest common divisor of 656 and 54448?
656
Calculate the greatest common divisor of 224 and 153188.
28
What is the greatest common divisor of 652 and 2364?
4
Calculate the greatest common divisor of 136 and 43744.
8
Calculate the highest common divisor of 255 and 3945.
15
What is the greatest common factor of 72 and 256?
8
Calculate the greatest common factor of 147 and 2053982.
49
Calculate the highest common factor of 7631 and 1157.
13
Calculate the greatest common divisor of 544 and 20876.
68
Calculate the greatest common factor of 428 and 80.
4
What is the greatest common factor of 4050 and 2538?
54
What is the greatest common factor of 964859 and 1827?
203
What is the greatest common divisor of 40 and 765500?
20
Calculate the greatest common divisor of 1311 and 2071.
19
What is the highest common divisor of 32 and 1236?
4
What is the highest common divisor of 3378485 and 305?
305
Calculate the highest common factor of 443807 and 39.
13
What is the highest common factor of 409853 and 68?
17
What is the greatest common divisor of 253 and 536866?
253
What is the greatest common factor of 88 and 125202?
22
Calculate the greatest common factor of 176 and 1210616.
88
Calculate the greatest common factor of 1436521 and 958.
479
Calculate the highest common factor of 114718 and 82.
82
What is the highest common divisor of 15385 and 3910?
85
Calculate the greatest common divisor of 634661 and 5661.
629
What is the greatest common factor of 854 and 13538?
14
Calculate the highest common factor of 30 and 6430.
10
What is the greatest common divisor of 232021 and 67?
67
Calculate the highest common factor of 13680 and 200.
40
Calculate the highest common factor of 114840 and 72.
72
Calculate the greatest common divisor of 183 and 7.
1
Calculate the highest common divisor of 693 and 979.
11
What is the greatest common divisor of 102630 and 1320?
330
Calculate the highest common factor of 51107 and 298.
149
Calculate the highest common divisor of 70 and 844165.
35
Calculate the highest common factor of 29016 and 40.
8
What is the greatest common divisor of 7250857 and 2686?
1343
Calculate the highest common factor of 2508 and 2200.
44
What is the greatest common factor of 828190 and 220?
110
What is the greatest common divisor of 425640 and 5880?
120
What is the highest common factor of 17507 and 1722?
287
What is the highest common factor of 178048 and 208?
208
Calculate the greatest common divisor of 2630 and 1550.
10
Calculate the highest common divisor of 110430 and 2430.
270
What is the greatest common divisor of 161199 and 9?
9
What is the greatest common factor of 533 and 221741?
13
Calculate the highest common factor of 76 and 178676.
76
What is the highest common factor of 147 and 44443?
49
Calculate the greatest common factor of 31421360 and 80.
80
Calculate the greatest common factor of 2548 and 109928.
364
What is the greatest common factor of 175410 and 180?
90
Calculate the highest common factor of 402 and 390141.
201
Calculate the highest common factor of 18297 and 3021.
57
Calculate the highest common divisor of 3926 and 806.
26
What 